the prime factors of d?
2
Suppose 129547 = 16*t + 8112 - 303829. List the prime factors of t.
7, 3797
Let q = 17511 + -8926. List the prime factors of q.
5, 17, 101
Suppose -51*y + 29*y = 15356. Let b = y + 981. What are the prime factors of b?
283
Let i = -76 + 159. Suppose 7*x - i = 274. Let c = x + 102. What are the prime factors of c?
3, 17
Let n = 239 - -46. Let f = n - 59. List the prime factors of f.
2, 113
Suppose 5*g + 25 = 0, -o + 5*g + 25 = -4*o. Suppose n - 144 = 3*a + 235, -n - a + 375 = o. List the prime factors of n.
2, 47
Suppose 17879 + 29831 + 17684 = 18*g. List the prime factors of g.
3, 7, 173
Suppose 3*y - 9 = -2*k, y - 8 = -k - 4*y. List the prime factors of (365/(-10) + k)*12/(-1).
2, 3, 67
Let x = 20060 + -11894. What are the prime factors of x?
2, 3, 1361
Let u = -68 + 70. Suppose -2*r + u*s + 11 = -289, -320 = -2*r - 2*s. Let g = 258 - r. What are the prime factors of g?
103
Suppose 0 = 5*d - 2*d - 4968. Suppose -28*f + 31*f = d. What are the prime factors of f?
2, 3, 23
Suppose 2*z + 0*v = -3*v - 4, 2*z = -5*v - 12. Let d(g) = -g - 3*g - z + 21 + 6*g. What are the prime factors of d(-5)?
7
What are the prime factors of 58810*(14/7 + -1)?
2, 5, 5881
Let d = 227 + -51. Let i = d - 147. What are the prime factors of i?
29
List the prime factors of 1491/213 + 1 + 6290.
2, 47, 67
Suppose 125 = -4*k - c - 148, 3*k - c = -203. Let m be (-9)/(1*4/k). Suppose 0 = 4*y + q + 2*q - m, 4*y - 129 = 5*q. What are the prime factors of y?
2, 3
Suppose 0 = -7*k + 1276 + 2203. Let s = k - -157. What are the prime factors of s?
2, 3, 109
Suppose -27 + 0 = -3*t. Let m(w) = 2*w - 16. Let x be m(t). Suppose 0 = 4*o - 16, -5*n + o + 658 = -x*o. List the prime factors of n.
2, 67
Let s(u) = -21*u + 25. Suppose 3*a = -5*x + 5 - 1, 3*x = -2*a + 4. Let w be s(a). Let z = -97 - w. List the prime factors of z.
2, 23
Suppose -7*c = -16*c + 74745. What are the prime factors of c?
5, 11, 151
What are the prime factors of 8717 - (-17)/(85/45)?
2, 4363
Let y be (3484/182 - (-2 + -3)) + (-3)/21. Let a = 251 - 152. Let l = y + a. What are the prime factors of l?
3, 41
Suppose 2*b + 28 = -3*v, -3*b = v - 2*v + 64. Let d be (58/4)/((-2)/b). Suppose -75 - d = -p. What are the prime factors of p?
2, 5, 11
Suppose -160923 = -25*u - 12248. What are the prime factors of u?
19, 313
Let s(w) = -w**3 + 12*w**2 - 11*w + 3. Let f be 784/70 - 1/5. Let d be s(f). List the prime factors of (1 - d) + (-696)/(-8).
5, 17
Suppose -7*s = -9*s + 10. Let o(l) = -9*l + 3 - s*l - 1 + l. What are the prime factors of o(-2)?
2, 7
Let h be (0 - 2) + 3 + 2/(-2). Suppose 10 = -2*p, h*j = -j - 5*p - 10. What are the prime factors of 72/(-1)*j/(-6)?
2, 3, 5
Let b(g) = -51*g**3 + g**2 - 8*g - 17. Let r(t) = -3*t**2 + 14*t + 14. Let c be r(-1). List the prime factors of b(c).
7, 199
Suppose 5*j + 6667 = 2*t, -10*j + 7*j + 2*t = 4001. Let v = -692 - j. List the prime factors of v.
641
Suppose -52*x - 3*d = -53*x + 13895, 0 = 4*x + 5*d - 55631. What are the prime factors of x?
2, 11, 79
Let g be 8830/8 - 2/(-8). Let z = g + 142. What are the prime factors of z?
2, 7, 89
Suppose -17*w + 24759 = w - 11*w. List the prime factors of w.
3, 131
Suppose -4*k + 4*f - 32 = -0*f, 2*k - f = -13. Let z be -1*((k - 9/(-3)) + -156). Suppose 3*y + 5*n - 166 = z, 4*y - 458 = 2*n. List the prime factors of y.
113
Let s = 1472 + -1373. Let d be -15 - (0/2)/3. Let y = s - d. What are the prime factors of y?
2, 3, 19
Let z(u) = -u**2 + 6*u + 7. Let v be z(6). Suppose v*x = 8*x - 3. Suppose -2*c + 815 = x*c. What are the prime factors of c?
163
Suppose -390662 - 18508 = 3*j - 26*j. What are the prime factors of j?
2, 3, 5, 593
List the prime factors of 8/(-52) - (-22762350)/507.
2, 23, 61
Let f be (0 + 1)/((-1)/(-15)). Let c = 570 - 582. Let i = c + f. What are the prime factors of i?
3
Let w(y) = y**3 - 14*y**2 - 14*y - 16. Let x be w(15). Let b(g) = 34*g**2 - 4*g - 3. Let c be b(x). List the prime factors of 7/c + 1628/10.
163
Suppose -4*p = -0*p. Suppose -44*t + 47*t - 96 = p. Suppose -5*v = 3*x - 323, -3*x + 331 + t = -3*v. What are the prime factors of x?
2, 29
Let n be ((-4660)/50)/(8/(-20)). Suppose 0 = -m + 613 + n. What are the prime factors of m?
2, 3, 47
Suppose -62*m + 63*m = 1346. Let v = 1930 - m. List the prime factors of v.
2, 73
Suppose 0 = 19*v - 41 - 54. Suppose 2135 = 2*n - m, -v*n - m + 5345 = 4*m. List the prime factors of n.
2, 3, 89
Suppose -150*w + 277*w - 140*w = -127985. What are the prime factors of w?
5, 11, 179
Suppose -4*v - 6*p + 24214 = 4910, 0 = -v - 5*p + 4840. What are the prime factors of v?
2, 5, 241
Let y(z) = z**3 - 11*z**2 + 17*z + 19. Let a be y(9). Suppose a*h = 595 + 2715. What are the prime factors of h?
331
Let h be (-12)/9*162/(-72). Suppose -g - 5290 = -5*z, 5*g = h*z + g - 3157. List the prime factors of z.
3, 353
Suppose -2*v = 5*f + 4, -3*v - 3*f = -f - 5. Let h(y) be the first derivative of y**4/4 - y**3 + 2*y**2 + 2*y + 21. List the prime factors of h(v).
2, 7
Let v(o) = 7*o - 10. Suppose 20*f - 17*f = 39. Let x be 10/(-30) - f/(-3). What are the prime factors of v(x)?
2, 3
Suppose 3*i + 4*h = -18, 11 = -4*i + 6*h - 7*h. Let q(g) = -97*g**3 + 8*g**2 + 13*g + 4. What are the prime factors of q(i)?
2, 3, 131
Let w(n) = -73633*n - 1052. List the prime factors of w(-1).
181, 401
Suppose 5*b + 860 = 5*c, 4*c - 801 + 141 = -3*b. Let g = c + -56. Suppose 116*i = g*i + 796. List the prime factors of i.
199
Let k(u) = 10*u + 60600 - 60606 - 32*u. List the prime factors of k(-8).
2, 5, 17
Suppose 6285 = -3*f + 31197. Suppose 19*k + 5*k - f = 0. List the prime factors of k.
2, 173
Suppose 0 = 3*c - 2*c - 5. Suppose 720 = c*k - 3*a, 0*k + 413 = 3*k + 2*a. Let v = k + -88. List the prime factors of v.
53
Let p(w) = w**2 + 9*w - 24. Let x be p(-12). Suppose -92 = -x*u - 32. What are the prime factors of u - (-5)/(-5) - -158?
2, 3
Suppose 8870 + 34206 = n - 2*q, -4*q = 4*n - 172244. List the prime factors of n.
2, 61, 353
Suppose -4*f - x = 14, 2*x + 23 - 4 = -5*f. Let n(p) = -3*p**3 + 5*p**2 + 4*p - 6. Let q be n(2). List the prime factors of q*f/(-15)*(-31 - -1).
2, 3
What are the prime factors of (36/8)/(1/(-2)) - -46362?
3, 15451
Let b be 5 - -1*(0 + -4). Let a = -81 + 76. What are the prime factors of b/(0 + a/(-130))?
2, 13
Let t(k) = -3*k**2 - 75*k + 15. Let y be t(-25). Suppose 245 + y = 2*v. What are the prime factors of v?
2, 5, 13
Let j(v) = 28*v - 36. Let g(r) = r**3 - 10*r**2 - 10*r. Let u be g(11). List the prime factors of j(u).
2, 17
Suppose 11038 + 66732 = 22*f. What are the prime factors of f?
5, 7, 101
Suppose 2*j = 6*j - 5*g + 2501, 3*g + 604 = -j. Let i = j + 1166. List the prime factors of i.
547
Let v be (-8)/((-112)/119)*56. Let q = -340 + v. What are the prime factors of q?
2, 17
Suppose -2*l + 10*o - 7*o + 13978 = 0, -16*o = 2*l - 14092. List the prime factors of l.
2, 3499
Suppose 26*j + 9576 = -12*j. Let q = j + 834. What are the prime factors of q?
2, 3, 97
What are the prime factors of 8667/24 - (-30)/(-240)?
19
Let j = -200 - -95. Suppose 27*g + 65 = -1501. Let h = g - j. What are the prime factors of h?
47
Suppose -2*l = 9*h - 245337 - 99371, 0 = 5*h + 2*l - 191508. List the prime factors of h.
2, 5, 383
Suppose -3*w - 4*h = 17, 25 = -5*w - 2*h - 3*h. Suppose -4*n - 11 = 2*r + 3*r, 2*r = n + 6. List the prime factors of (-1230)/(-90) + n/w.
3, 5
Let c = 82155 + -56682. What are the prime factors of c?
3, 7, 1213
Let o(m) = -m - 2. Let l be o(-5). Let f be (-30)/(-8) + -3 - 2474/(-8). Suppose 3*b = -l*h - 2*h + f, 3*h + 460 = 5*b. What are the prime factors of b?
5, 19
Suppose 0 = -156*t - 412350 + 1486722. What are the prime factors of t?
71, 97
Suppose -44*z + 46*z + 1140 = 0. Let h = 1419 + z. List the prime factors of h.
3, 283
Let p(d) = -d**2 - 45*d - 35. Let a be p(-44). Suppose -2*x - 5 = -31. List the prime factors of x/117 - (-1016)/a.
113
Let o(r) be the third derivative of 5/6*r**4 + 0*r + 0 + 4*r**2 - 1/6*r**3. What are the prime factors of o(3)?
59
What are the prime factors of (5401/(-55))/(((-48)/210)/8)?
7, 491
Suppose 10998 = 12*k - 3*k. Suppose 10*r - k = 3348. What are the prime factors of r?
457
Let h(v) = 4*v**3 + 4*v**2 - 5*v + 1. Let w be h(4). Let k = -61 + 67. Suppose -u = k*u - w. List the prime factors of u.